b. What is the greatest common factor of 2035 and b?
55
Let f = 2570 + -2512. Calculate the greatest common factor of 9976 and f.
58
Let b = -69 - -66. Let q be (-3 - -5)/((-1)/b). Let y be (q/8)/(0 + (-5)/(-20)). What is the greatest common factor of y and 6?
3
Suppose 0 = 3*a + 36 - 48. Suppose 5*h = -12*t + 8*t + 490, -248 = -2*t - a*h. What is the highest common factor of 72 and t?
24
Let l be ((-32)/(-12))/8*-6. Let y be l*(-455)/15 - 4/6. What is the greatest common divisor of 12 and y?
12
Let t be -22*(-3)/((-3)/(-2)). Suppose 0 = -0*i - 11*i + 572. Suppose -3*j + 47 = -i. Calculate the greatest common factor of j and t.
11
Let d be (-77)/((-269654)/(-68)) + 2484/618. Let u = -488 + 724. What is the greatest common factor of u and d?
4
Let j = 3221 - 3134. Calculate the highest common factor of 27 and j.
3
Let o be -116 - -143 - (7 + 1 + 0). What is the greatest common divisor of o and 2983?
19
Let y(n) = -n**3 + 8*n**2 + 89*n + 10. Let v be (0 + (-26)/(-10))/(6/30). Let u be y(v). Calculate the highest common divisor of 28 and u.
14
Let v be 1 + (-32)/(-8 + 0). Suppose 3*z - 177 - 85 = -5*j, v*z + 80 = 2*j. What is the greatest common factor of 400 and j?
50
Suppose 21*i - 42*i = 32*i - 493430. What is the greatest common divisor of i and 35?
35
Let g = -225 + 396. Let u be 5/(-25) - ((-96)/5)/1. Let z be (u/4)/((-18)/(-8) - 2). Calculate the greatest common divisor of g and z.
19
Let m be -1*(-7 + 4) + 19. Suppose 4*u - 346 = 3*g, -2*g - 3*g + 10 = 0. What is the greatest common divisor of m and u?
22
Let f = 28149 - 26759. What is the greatest common factor of f and 370?
10
Suppose 187*y = 184*y + 2066 - 302. Let b be 8*3/(-18)*3 - -18. What is the highest common divisor of b and y?
14
Let h = 9471 + -9429. What is the greatest common factor of 2422 and h?
14
Let s(q) = 157*q**3 + 5*q - 6. Let m be s(1). Calculate the greatest common divisor of m and 832.
52
Let m = -12 - -51. Let c be (-228)/(-133)*336/22 - 4/22. What is the greatest common divisor of m and c?
13
Let c = 12131 + -11709. Calculate the highest common factor of c and 12871.
211
Suppose -4*p = -4*n + 2216, -2785 = 4*n - 9*n + 2*p. Let j = 617 - n. What is the greatest common divisor of j and 377?
29
Suppose 9*b + 4*n = 4*b + 1254, -246 = -b + 4*n. Suppose -2*l = -3*l + 20. What is the highest common divisor of b and l?
10
Suppose -16*l + 6*l - 24*l = -6120. What is the greatest common divisor of 1 and l?
1
Suppose -10*g + 120 = 8 - 8. Calculate the highest common divisor of g and 5532.
12
Let k(x) = x**2 + 12*x - 33. Let q be k(12). Calculate the highest common divisor of q and 585.
15
Let r(q) = 20*q + 64. Let t be r(-1). Let a(m) = -42*m**3 - 2*m**2 + 2. Let j be a(-2). Calculate the greatest common factor of t and j.
22
Suppose -6 = 4*x + 2*u, 5*x + u + 12 = 6. Let v be -2 - -2*(-7)/x. Suppose 4*g - v*g + 64 = 0. What is the greatest common factor of g and 20?
4
Let v be (10/(-6))/(2*2/(-12)). Suppose -5*r + u + 57 = -0*u, 5*r + v*u = 45. What is the greatest common divisor of 33 and r?
11
Let r = -7478 - -7637. Calculate the highest common factor of r and 371.
53
Let r be 6*5/20 - (485/(-10) + -4). Let o(a) = -a**2 + a + 108. Let q be o(0). What is the greatest common divisor of r and q?
54
Let o = -67 + -78. Suppose -2*t + 2*f = 6*f + 282, 3*t + 399 = 2*f. Let d = t - o. What is the highest common divisor of 35 and d?
5
Suppose -17*r + 234598 = -s + 22351, 3*s = -4*r + 49934. Calculate the greatest common divisor of 55 and r.
55
Let r(f) = -f**2 + 12*f + 198. Let t be r(-8). What is the greatest common factor of 2565 and t?
19
Suppose 98*j - 101*j = -4323. Suppose 18*h - 19*h = -2*k + 572, -5*k = 3*h - j. Calculate the highest common factor of 41 and k.
41
Let g be ((-6)/(-8))/(3/(-9168)*-4). What is the greatest common divisor of g and 955?
191
Let d be (43/5 + 4 + -5)/(2/240). Calculate the highest common factor of d and 768.
48
Suppose 50 = 5*j + 5*w, -4*j + 2*w + 49 = -9. Let f(i) = 2*i**3 - 13*i**2 - i + 7. Let r be f(9). What is the highest common factor of r and j?
13
Suppose 66*y - 70*y + 20 = 0. Suppose -16*i + y*i = -99. Let h be 3/4 + 5 + (-1780)/(-16). Calculate the greatest common factor of h and i.
9
Let d(b) = 30*b**3 - 2*b**2 - b - 2. Let g be d(2). Let m be (-3)/((-3)/4) + g/6. Calculate the highest common factor of 147 and m.
21
Let a(h) = 25*h + 109. Let v be a(15). Let i = 104 - 60. Calculate the highest common divisor of i and v.
44
Suppose 70*x = -75*x + 635245. What is the highest common divisor of 65 and x?
13
Suppose d - 1804 = 4*h + 13250, 0 = 5*h - 15. Calculate the highest common factor of d and 372.
186
Let g be -39*(-10)/15*(13 + -8). What is the greatest common factor of 2015 and g?
65
Suppose -220 = -4*a + 48. Suppose 4*h - 33 = -165. Let l = h + a. What is the greatest common divisor of 238 and l?
34
Let z = -1131 + 1653. Let f be 8/((177/(-1711))/(6/(-4))). What is the greatest common divisor of f and z?
58
Suppose -3*x = -4*r - 3560, 3*r + 295 = -3*x + 3841. Calculate the highest common factor of x and 666.
74
Let r = 1 - -1. Suppose -4*m + 0*q = q - 24, -3*q + 17 = m. Suppose 2*s - 10 = -r*x, -x + m*s + 13 + 10 = 0. What is the greatest common divisor of x and 1?
1
Let f = -12034 + 12309. Calculate the greatest common divisor of 475 and f.
25
Suppose 5*h + 40 = 0, g = -89*h + 84*h + 1. What is the greatest common factor of 1107 and g?
41
Let h be ((-2103)/1402)/((-12)/880). Let i = 114 - 81. What is the highest common factor of i and h?
11
Let l be (6 + -71)*48/(-15). Suppose 529 = -5*r + 10*r - 2*d, 2*r + d - l = 0. What is the greatest common factor of 30 and r?
15
Let s(i) = -i**2 + 32*i - 70. Let a be s(28). Suppose -r - a = -36. Let u be -4 + 23 + r + 1. What is the highest common divisor of u and 126?
14
Let p be ((-35)/25 - -1) + (-39558)/(-95). Calculate the highest common divisor of p and 182.
26
Let d = -5 + -1. Let y(v) = -3*v - 7. Let w be y(d). Let q = -11945 + 11956. Calculate the highest common factor of w and q.
11
Suppose 5*n - 20 = 0, -4*t + 13118 = 3*n - 5626. What is the highest common divisor of t and 21?
21
Let l = 17453 + -17431. Suppose 0*a - 880 = -5*a. Calculate the highest common divisor of a and l.
22
Let j be (-39)/(((-1068)/(-264) - 4)/((-2)/4)). Calculate the greatest common divisor of 2673 and j.
33
Let v = 83 - 179. Let p be (1008/v)/((-3)/16). Calculate the highest common factor of 35 and p.
7
Let u(k) = -k**2 - 165*k - 66. Let w be u(-48). What is the highest common factor of w and 15?
15
Suppose -4*s = 26 - 46. Suppose -s*y + y = -24. Suppose y*f = -284 + 764. What is the highest common divisor of f and 20?
20
Let q(c) = 3 - 4 + c**3 + 2*c**2 - 2*c**3 + 3*c + 0. Let m be q(2). Suppose -m = 5*p - 10. What is the greatest common factor of 8 and p?
1
Suppose 2*u = f - u + 49, -u = -f - 45. Let o = f + 49. Let g be 544/o + 6/(-9). What is the highest common factor of g and 18?
18
Let o be 2*-1*-2 + (-34672)/(-22). Let t be (-2)/(387/o - 7/28). Suppose -t = -2*g + 197. Calculate the highest common factor of 37 and g.
37
Let g = 3358 + -2602. Calculate the highest common factor of 196 and g.
28
Let x be ((-6)/(-4))/((-3)/(-96)). Let p(m) = -m**3 + 22*m**2 - 198*m + 883. Let q be p(11). What is the highest common divisor of x and q?
12
Let v be -52 + -621 - 1*-7. Let d = 834 + v. Calculate the greatest common divisor of 120 and d.
24
Suppose -v - 86 = 4*q - 750, -4*v + 652 = 4*q. What is the greatest common factor of 4843 and q?
167
Let j be 557/(6 + (-4 - 3)). Let p = 585 + j. What is the highest common factor of 252 and p?
28
Suppose t + 12*q - 34 = 9*q, 4*t = -2*q + 156. What is the highest common divisor of 7240 and t?
40
Suppose 0 = -31*h + 4*h + 135. Suppose -5*q + 2355 = 5*y, q - 956 = -q + h*y. What is the highest common divisor of 43 and q?
43
Let o = 280 + -262. Let n be (-10740)/(-27) + -6 - (-4)/o. What is the greatest common factor of n and 56?
56
Let n(u) = -2*u**3 + 7*u**2 + 3*u + 9. Let d = -116 - -120. Let m be n(d). Calculate the highest common factor of m and 5.
5
Let g(d) = d**2 + 15*d - 30. Let v be g(-17). Let c = 2 + 4. Suppose -w + 3*n = -2*n - 21, -w - c = v*n. What is the greatest common divisor of w and 6?
6
Let b be -1 + -1 + 0 + 3. Let o be (5/3)/(-8 + (-584)/(-72)). 